{"id":4380,"date":"2019-10-30T00:32:11","date_gmt":"2019-10-29T21:32:11","guid":{"rendered":"https:\/\/florajia.com\/?page_id=4380"},"modified":"2020-08-29T02:57:12","modified_gmt":"2020-08-28T23:57:12","slug":"conditions-de-livraison","status":"publish","type":"page","link":"https:\/\/florajia.com\/?page_id=4380","title":{"rendered":"Conditions de Livraison"},"content":{"rendered":"\n<h2 class=\"wp-block-heading\"><strong>Sp\u00e9cialiste de livraison de bouquets de fleurs au Maroc<\/strong>.<\/h2>\n\n\n\n<p>\n\n\n\n\n\n\n\n\n\n\n\n\n\n\n\n\nSur notre site de florajia\nvente de fleurs et rose et plante en ligne, pour commander, il vous suffit de\nchoisir un bouquet de fleurs, de s\u00e9lectionner une formule de prix et de d\u00e9finir\nla date de livraison de bouquet &nbsp;de fleurs \u00e0 domicile. florajia garantit\nune livraison de fleurs fra\u00eeches tous les jours, y compris le dimanche et les\njours f\u00e9ri\u00e9s partout en marocaine &#8230;.\n\n\n\n<\/p>\n\n\n\n<hr class=\"wp-block-separator\"\/>\n\n\n\n<h2 class=\"wp-block-heading\"><strong>Envoyer des bouquet de rose pour tout les occasion<\/strong>.<\/h2>\n\n\n\n<p>  florajia vous accompagne en toutes occasions anniversaire, f\u00eate de la Saint-Valentin, f\u00eate. des m\u00e8res. et mariages. offrent les plus belles fleurs et bouquets de rose . du sp\u00e9cialiste de l&rsquo;art floral . la rose et des fleurs fra\u00eeches toute l\u2019ann\u00e9e<\/p>\n\n\n\n<hr class=\"wp-block-separator\"\/>\n\n\n\n<h2 class=\"wp-block-heading\"> <strong>Livraison de bouquet de fleur &nbsp;\u00e0 partir de 199.dh <\/strong><\/h2>\n\n\n\n<p>\n\n\n\n\n\n\n\n\n\n\n\n\n\n\n\n\nNous vous proposons toute\nl\u2019ann\u00e9e une la large gamme de Bouquets de fleurs uniques fra\u00eeches et Plantes\nfaciles d\u2019entretien \u00e0 petits prix&rsquo; \u00e0 partir de 199.dh : compositions, fleurs de\nsaisons,, roses ,orchid\u00e9es, lys, .. dalia.. gypsophile&#8230;\ngerbera&#8230;.jasmin..&nbsp;<br>\nEt parce que le plaisir d\u2019envoyer des fleurs ne s\u2019arr\u00eate pas l\u00e0, nous vous\nproposons \u00e9galement de nombreux coffrets cadeaux : Bougie parfum\u00e9e. nonos love\nChocolats de luxe, &#8230; pour tout les Mesdames et Messieurs..\n\n\n\n<\/p>\n\n\n\n<hr class=\"wp-block-separator\"\/>\n","protected":false},"excerpt":{"rendered":"<p>Sp\u00e9cialiste de livraison de bouquets de fleurs au Maroc. Sur notre site de florajia vente de fleurs et rose et plante en ligne, pour commander, il vous suffit de choisir un bouquet de fleurs, de s\u00e9lectionner une formule de prix et de d\u00e9finir la date de livraison de bouquet &nbsp;de fleurs \u00e0 domicile. florajia garantit [&hellip;]<\/p>\n","protected":false},"author":1,"featured_media":0,"parent":0,"menu_order":0,"comment_status":"closed","ping_status":"closed","template":"","meta":{"_joinchat":[]},"yoast_head":"<!-- This site is optimized with the Yoast SEO plugin v20.13 - https:\/\/yoast.com\/wordpress\/plugins\/seo\/ -->\n<title>Conditions de Livraison - www.Florajia.com<\/title>\n<meta name=\"robots\" content=\"index, follow, max-snippet:-1, max-image-preview:large, max-video-preview:-1\" \/>\n<link rel=\"canonical\" href=\"https:\/\/florajia.com\/?page_id=4380\" \/>\n<meta property=\"og:locale\" content=\"fr_FR\" \/>\n<meta property=\"og:type\" content=\"article\" \/>\n<meta property=\"og:title\" content=\"Conditions de Livraison - www.Florajia.com\" \/>\n<meta property=\"og:description\" content=\"Sp\u00e9cialiste de livraison de bouquets de fleurs au Maroc. Sur notre site de florajia vente de fleurs et rose et plante en ligne, pour commander, il vous suffit de choisir un bouquet de fleurs, de s\u00e9lectionner une formule de prix et de d\u00e9finir la date de livraison de bouquet &nbsp;de fleurs \u00e0 domicile. florajia garantit [&hellip;]\" \/>\n<meta property=\"og:url\" content=\"https:\/\/florajia.com\/?page_id=4380\" \/>\n<meta property=\"og:site_name\" content=\"www.Florajia.com\" \/>\n<meta property=\"article:publisher\" content=\"https:\/\/www.facebook.com\/florajiafleur\" \/>\n<meta property=\"article:modified_time\" content=\"2020-08-28T23:57:12+00:00\" \/>\n<meta name=\"twitter:card\" content=\"summary_large_image\" \/>\n<meta name=\"twitter:site\" content=\"@florajiafleur\" \/>\n<meta name=\"twitter:label1\" content=\"Dur\u00e9e de lecture estim\u00e9e\" \/>\n\t<meta name=\"twitter:data1\" content=\"1 minute\" \/>\n<script type=\"application\/ld+json\" class=\"yoast-schema-graph\">{\"@context\":\"https:\/\/schema.org\",\"@graph\":[{\"@type\":\"WebPage\",\"@id\":\"https:\/\/florajia.com\/?page_id=4380\",\"url\":\"https:\/\/florajia.com\/?page_id=4380\",\"name\":\"Conditions de Livraison - www.Florajia.com\",\"isPartOf\":{\"@id\":\"https:\/\/florajia.com\/#website\"},\"datePublished\":\"2019-10-29T21:32:11+00:00\",\"dateModified\":\"2020-08-28T23:57:12+00:00\",\"breadcrumb\":{\"@id\":\"https:\/\/florajia.com\/?page_id=4380#breadcrumb\"},\"inLanguage\":\"fr-FR\",\"potentialAction\":[{\"@type\":\"ReadAction\",\"target\":[\"https:\/\/florajia.com\/?page_id=4380\"]}]},{\"@type\":\"BreadcrumbList\",\"@id\":\"https:\/\/florajia.com\/?page_id=4380#breadcrumb\",\"itemListElement\":[{\"@type\":\"ListItem\",\"position\":1,\"name\":\"Home\",\"item\":\"https:\/\/florajia.com\/\"},{\"@type\":\"ListItem\",\"position\":2,\"name\":\"Conditions de Livraison\"}]},{\"@type\":\"WebSite\",\"@id\":\"https:\/\/florajia.com\/#website\",\"url\":\"https:\/\/florajia.com\/\",\"name\":\"www.Florajia.com\",\"description\":\"florajia c&#039;est un fleuriste   Sp\u00e9cialiste de livraison de bouquets de fleurs et rose qualite fleurissent  livraison partout \u00e0 Marrakech\",\"publisher\":{\"@id\":\"https:\/\/florajia.com\/#organization\"},\"potentialAction\":[{\"@type\":\"SearchAction\",\"target\":{\"@type\":\"EntryPoint\",\"urlTemplate\":\"https:\/\/florajia.com\/?s={search_term_string}\"},\"query-input\":\"required name=search_term_string\"}],\"inLanguage\":\"fr-FR\"},{\"@type\":\"Organization\",\"@id\":\"https:\/\/florajia.com\/#organization\",\"name\":\"Florajia\",\"url\":\"https:\/\/florajia.com\/\",\"logo\":{\"@type\":\"ImageObject\",\"inLanguage\":\"fr-FR\",\"@id\":\"https:\/\/florajia.com\/#\/schema\/logo\/image\/\",\"url\":\"https:\/\/florajia.com\/wp-content\/uploads\/2020\/02\/5e48499b45714_image_name-1.jpg\",\"contentUrl\":\"https:\/\/florajia.com\/wp-content\/uploads\/2020\/02\/5e48499b45714_image_name-1.jpg\",\"width\":512,\"height\":512,\"caption\":\"Florajia\"},\"image\":{\"@id\":\"https:\/\/florajia.com\/#\/schema\/logo\/image\/\"},\"sameAs\":[\"https:\/\/www.facebook.com\/florajiafleur\",\"https:\/\/twitter.com\/florajiafleur\",\"https:\/\/www.instagram.com\/florajiafleurs\",\"https:\/\/www.pinterest.com\/florajiafleurs\/\"]}]}<\/script>\n<!-- \/ Yoast SEO plugin. -->","yoast_head_json":{"title":"Conditions de Livraison - www.Florajia.com","robots":{"index":"index","follow":"follow","max-snippet":"max-snippet:-1","max-image-preview":"max-image-preview:large","max-video-preview":"max-video-preview:-1"},"canonical":"https:\/\/florajia.com\/?page_id=4380","og_locale":"fr_FR","og_type":"article","og_title":"Conditions de Livraison - www.Florajia.com","og_description":"Sp\u00e9cialiste de livraison de bouquets de fleurs au Maroc. Sur notre site de florajia vente de fleurs et rose et plante en ligne, pour commander, il vous suffit de choisir un bouquet de fleurs, de s\u00e9lectionner une formule de prix et de d\u00e9finir la date de livraison de bouquet &nbsp;de fleurs \u00e0 domicile. florajia garantit [&hellip;]","og_url":"https:\/\/florajia.com\/?page_id=4380","og_site_name":"www.Florajia.com","article_publisher":"https:\/\/www.facebook.com\/florajiafleur","article_modified_time":"2020-08-28T23:57:12+00:00","twitter_card":"summary_large_image","twitter_site":"@florajiafleur","twitter_misc":{"Dur\u00e9e de lecture estim\u00e9e":"1 minute"},"schema":{"@context":"https:\/\/schema.org","@graph":[{"@type":"WebPage","@id":"https:\/\/florajia.com\/?page_id=4380","url":"https:\/\/florajia.com\/?page_id=4380","name":"Conditions de Livraison - www.Florajia.com","isPartOf":{"@id":"https:\/\/florajia.com\/#website"},"datePublished":"2019-10-29T21:32:11+00:00","dateModified":"2020-08-28T23:57:12+00:00","breadcrumb":{"@id":"https:\/\/florajia.com\/?page_id=4380#breadcrumb"},"inLanguage":"fr-FR","potentialAction":[{"@type":"ReadAction","target":["https:\/\/florajia.com\/?page_id=4380"]}]},{"@type":"BreadcrumbList","@id":"https:\/\/florajia.com\/?page_id=4380#breadcrumb","itemListElement":[{"@type":"ListItem","position":1,"name":"Home","item":"https:\/\/florajia.com\/"},{"@type":"ListItem","position":2,"name":"Conditions de Livraison"}]},{"@type":"WebSite","@id":"https:\/\/florajia.com\/#website","url":"https:\/\/florajia.com\/","name":"www.Florajia.com","description":"florajia c&#039;est un fleuriste   Sp\u00e9cialiste de livraison de bouquets de fleurs et rose qualite fleurissent  livraison partout \u00e0 Marrakech","publisher":{"@id":"https:\/\/florajia.com\/#organization"},"potentialAction":[{"@type":"SearchAction","target":{"@type":"EntryPoint","urlTemplate":"https:\/\/florajia.com\/?s={search_term_string}"},"query-input":"required name=search_term_string"}],"inLanguage":"fr-FR"},{"@type":"Organization","@id":"https:\/\/florajia.com\/#organization","name":"Florajia","url":"https:\/\/florajia.com\/","logo":{"@type":"ImageObject","inLanguage":"fr-FR","@id":"https:\/\/florajia.com\/#\/schema\/logo\/image\/","url":"https:\/\/florajia.com\/wp-content\/uploads\/2020\/02\/5e48499b45714_image_name-1.jpg","contentUrl":"https:\/\/florajia.com\/wp-content\/uploads\/2020\/02\/5e48499b45714_image_name-1.jpg","width":512,"height":512,"caption":"Florajia"},"image":{"@id":"https:\/\/florajia.com\/#\/schema\/logo\/image\/"},"sameAs":["https:\/\/www.facebook.com\/florajiafleur","https:\/\/twitter.com\/florajiafleur","https:\/\/www.instagram.com\/florajiafleurs","https:\/\/www.pinterest.com\/florajiafleurs\/"]}]}},"_links":{"self":[{"href":"https:\/\/florajia.com\/index.php?rest_route=\/wp\/v2\/pages\/4380"}],"collection":[{"href":"https:\/\/florajia.com\/index.php?rest_route=\/wp\/v2\/pages"}],"about":[{"href":"https:\/\/florajia.com\/index.php?rest_route=\/wp\/v2\/types\/page"}],"author":[{"embeddable":true,"href":"https:\/\/florajia.com\/index.php?rest_route=\/wp\/v2\/users\/1"}],"replies":[{"embeddable":true,"href":"https:\/\/florajia.com\/index.php?rest_route=%2Fwp%2Fv2%2Fcomments&post=4380"}],"version-history":[{"count":3,"href":"https:\/\/florajia.com\/index.php?rest_route=\/wp\/v2\/pages\/4380\/revisions"}],"predecessor-version":[{"id":13035,"href":"https:\/\/florajia.com\/index.php?rest_route=\/wp\/v2\/pages\/4380\/revisions\/13035"}],"wp:attachment":[{"href":"https:\/\/florajia.com\/index.php?rest_route=%2Fwp%2Fv2%2Fmedia&parent=4380"}],"curies":[{"name":"wp","href":"https:\/\/api.w.org\/{rel}","templated":true}]}}