{"id":104,"date":"2013-06-07T10:49:51","date_gmt":"2013-06-07T07:49:51","guid":{"rendered":"http:\/\/demo2.woothemes.com\/woocommerce\/?post_type=product&#038;p=31"},"modified":"2024-04-01T01:27:13","modified_gmt":"2024-03-31T22:27:13","slug":"orchidee-fushia","status":"publish","type":"product","link":"https:\/\/florajia.com\/?product=orchidee-fushia","title":{"rendered":"orchide\u0301e fushia"},"content":{"rendered":"<style type=\"text\/css\"><!--td {border: 1px solid #ccc;}br {mso-data-placement:same-cell;}--><\/style>\n<p><span data-sheets-value=\"{&quot;1&quot;:2,&quot;2&quot;:&quot;orchid\u00e9e en fleur\\n(2 fleurs - 3-5 boutons)\\nUn cadeau \u00e9l\u00e9gant et facile \u00e0 entretenir car le genre Valenopsis est l'un des plus faciles \u00e0 cultiver. De plus, la dur\u00e9e exceptionnelle de sa floraison fait de ce l\u00e9zard l'une des choses les plus recommand\u00e9es et recommand\u00e9es.\\nLa tige de la fleur peut \u00e9mettre des fleurs qui s'ouvrent successivement pendant plusieurs mois. Ils se produisent tout au long de l'ann\u00e9e lorsque les conditions de croissance sont favorables.\\n\\nEn cas de gel, la charge des plantes d'int\u00e9rieur peut \u00eatre suspendue pour \u00e9viter d'endommager les plantes du froid.&quot;}\" data-sheets-userformat=\"{&quot;2&quot;:513,&quot;3&quot;:{&quot;1&quot;:0},&quot;12&quot;:0}\">orchid\u00e9e en fleur<br \/>\n(2 fleurs &#8211; 3-5 boutons)<br \/>\nUn cadeau \u00e9l\u00e9gant et facile \u00e0 entretenir car le genre Valenopsis est l&rsquo;un des plus faciles \u00e0 cultiver. De plus, la dur\u00e9e exceptionnelle de sa floraison fait de ce l\u00e9zard l&rsquo;une des choses les plus recommand\u00e9es et recommand\u00e9es.<br \/>\nLa tige de la fleur peut \u00e9mettre des fleurs qui s&rsquo;ouvrent successivement pendant plusieurs mois. Ils se produisent tout au long de l&rsquo;ann\u00e9e lorsque les conditions de croissance sont favorables.<\/span><\/p>\n<p>En cas de gel, la charge des plantes d&rsquo;int\u00e9rieur peut \u00eatre suspendue pour \u00e9viter d&rsquo;endommager les plantes du froid.<\/p>\n","protected":false},"excerpt":{"rendered":"<style type=\"text\/css\"><!--td {border: 1px solid #ccc;}br {mso-data-placement:same-cell;}--><\/style>\n<p><span data-sheets-value=\"{&quot;1&quot;:2,&quot;2&quot;:&quot;Un cadeau parfait pour toutes les occasions \\nFloraison pouvant aller jusqu'\u00e0 6 mois\\nLa plus facile de orchid\u00e9e\\nRefleurit facilement\\nplus florajia offert une boite de Macaron cadeau&quot;}\" data-sheets-userformat=\"{&quot;2&quot;:513,&quot;3&quot;:{&quot;1&quot;:0},&quot;12&quot;:0}\">Un cadeau parfait pour toutes les occasions<br \/>\nFloraison pouvant aller jusqu&rsquo;\u00e0 6 mois<br \/>\nLa plus facile de orchid\u00e9e<br \/>\nRefleurit facilement<br \/>\nplus florajia offert une boite de Macaron cadeau<\/span><\/p>\n<p><img decoding=\"async\" loading=\"lazy\" class=\"alignnone wp-image-13330 size-medium\" src=\"https:\/\/florajia.com\/wp-content\/uploads\/2022\/04\/paiement-en-ligne-10-securise-2-removebg-preview-300x72.png\" alt=\"\" width=\"300\" height=\"72\" srcset=\"https:\/\/florajia.com\/wp-content\/uploads\/2022\/04\/paiement-en-ligne-10-securise-2-removebg-preview-300x72.png 300w, https:\/\/florajia.com\/wp-content\/uploads\/2022\/04\/paiement-en-ligne-10-securise-2-removebg-preview-600x144.png 600w, https:\/\/florajia.com\/wp-content\/uploads\/2022\/04\/paiement-en-ligne-10-securise-2-removebg-preview.png 769w\" sizes=\"(max-width: 300px) 100vw, 300px\" \/><\/p>\n","protected":false},"featured_media":8722,"comment_status":"open","ping_status":"closed","template":"","meta":{"_joinchat":[]},"product_cat":[64],"product_tag":[],"yoast_head":"<!-- This site is optimized with the Yoast SEO plugin v20.13 - https:\/\/yoast.com\/wordpress\/plugins\/seo\/ -->\n<title>Orchid\u00e9es : \u00c9l\u00e9gance et Raffinement en Floraison<\/title>\n<meta name=\"description\" content=\"des orchid\u00e9es avec notre collection exceptionnelle. Offrez-vous ou offrez \u00e0 vos proches une touche de raffinement avec ces fleurs exotiques et sophistiqu\u00e9es\" \/>\n<meta name=\"robots\" content=\"index, follow, max-snippet:-1, max-image-preview:large, max-video-preview:-1\" \/>\n<link rel=\"canonical\" href=\"https:\/\/florajia.com\/?product=orchidee-fushia\" \/>\n<meta property=\"og:locale\" content=\"fr_FR\" \/>\n<meta property=\"og:type\" content=\"article\" \/>\n<meta property=\"og:title\" content=\"Orchid\u00e9es : \u00c9l\u00e9gance et Raffinement en Floraison\" \/>\n<meta property=\"og:description\" content=\"des orchid\u00e9es avec notre collection exceptionnelle. Offrez-vous ou offrez \u00e0 vos proches une touche de raffinement avec ces fleurs exotiques et sophistiqu\u00e9es\" \/>\n<meta property=\"og:url\" content=\"https:\/\/florajia.com\/?product=orchidee-fushia\" \/>\n<meta property=\"og:site_name\" content=\"www.Florajia.com\" \/>\n<meta property=\"article:publisher\" content=\"https:\/\/www.facebook.com\/florajiafleur\" \/>\n<meta property=\"article:modified_time\" content=\"2024-03-31T22:27:13+00:00\" \/>\n<meta property=\"og:image\" content=\"https:\/\/florajia.com\/wp-content\/uploads\/2013\/06\/orchide\u0301e-fushia.png\" \/>\n\t<meta property=\"og:image:width\" content=\"1080\" \/>\n\t<meta property=\"og:image:height\" content=\"1080\" \/>\n\t<meta property=\"og:image:type\" content=\"image\/png\" \/>\n<meta name=\"twitter:card\" content=\"summary_large_image\" \/>\n<meta name=\"twitter:site\" content=\"@florajiafleur\" \/>\n<meta name=\"twitter:label1\" content=\"Dur\u00e9e de lecture estim\u00e9e\" \/>\n\t<meta name=\"twitter:data1\" content=\"1 minute\" \/>\n<script type=\"application\/ld+json\" class=\"yoast-schema-graph\">{\"@context\":\"https:\/\/schema.org\",\"@graph\":[{\"@type\":\"WebPage\",\"@id\":\"https:\/\/florajia.com\/?product=orchidee-fushia\",\"url\":\"https:\/\/florajia.com\/?product=orchidee-fushia\",\"name\":\"Orchid\u00e9es : \u00c9l\u00e9gance et Raffinement en Floraison\",\"isPartOf\":{\"@id\":\"https:\/\/florajia.com\/#website\"},\"datePublished\":\"2013-06-07T07:49:51+00:00\",\"dateModified\":\"2024-03-31T22:27:13+00:00\",\"description\":\"des orchid\u00e9es avec notre collection exceptionnelle. Offrez-vous ou offrez \u00e0 vos proches une touche de raffinement avec ces fleurs exotiques et sophistiqu\u00e9es\",\"breadcrumb\":{\"@id\":\"https:\/\/florajia.com\/?product=orchidee-fushia#breadcrumb\"},\"inLanguage\":\"fr-FR\",\"potentialAction\":[{\"@type\":\"ReadAction\",\"target\":[\"https:\/\/florajia.com\/?product=orchidee-fushia\"]}]},{\"@type\":\"BreadcrumbList\",\"@id\":\"https:\/\/florajia.com\/?product=orchidee-fushia#breadcrumb\",\"itemListElement\":[{\"@type\":\"ListItem\",\"position\":1,\"name\":\"Home\",\"item\":\"https:\/\/florajia.com\/\"},{\"@type\":\"ListItem\",\"position\":2,\"name\":\"Shop\",\"item\":\"https:\/\/florajia.com\/?page_id=345\"},{\"@type\":\"ListItem\",\"position\":3,\"name\":\"orchide\u0301e fushia\"}]},{\"@type\":\"WebSite\",\"@id\":\"https:\/\/florajia.com\/#website\",\"url\":\"https:\/\/florajia.com\/\",\"name\":\"www.Florajia.com\",\"description\":\"florajia c&#039;est un fleuriste   Sp\u00e9cialiste de livraison de bouquets de fleurs et rose qualite fleurissent  livraison partout \u00e0 Marrakech\",\"publisher\":{\"@id\":\"https:\/\/florajia.com\/#organization\"},\"potentialAction\":[{\"@type\":\"SearchAction\",\"target\":{\"@type\":\"EntryPoint\",\"urlTemplate\":\"https:\/\/florajia.com\/?s={search_term_string}\"},\"query-input\":\"required name=search_term_string\"}],\"inLanguage\":\"fr-FR\"},{\"@type\":\"Organization\",\"@id\":\"https:\/\/florajia.com\/#organization\",\"name\":\"Florajia\",\"url\":\"https:\/\/florajia.com\/\",\"logo\":{\"@type\":\"ImageObject\",\"inLanguage\":\"fr-FR\",\"@id\":\"https:\/\/florajia.com\/#\/schema\/logo\/image\/\",\"url\":\"https:\/\/florajia.com\/wp-content\/uploads\/2020\/02\/5e48499b45714_image_name-1.jpg\",\"contentUrl\":\"https:\/\/florajia.com\/wp-content\/uploads\/2020\/02\/5e48499b45714_image_name-1.jpg\",\"width\":512,\"height\":512,\"caption\":\"Florajia\"},\"image\":{\"@id\":\"https:\/\/florajia.com\/#\/schema\/logo\/image\/\"},\"sameAs\":[\"https:\/\/www.facebook.com\/florajiafleur\",\"https:\/\/twitter.com\/florajiafleur\",\"https:\/\/www.instagram.com\/florajiafleurs\",\"https:\/\/www.pinterest.com\/florajiafleurs\/\"]}]}<\/script>\n<!-- \/ Yoast SEO plugin. -->","yoast_head_json":{"title":"Orchid\u00e9es : \u00c9l\u00e9gance et Raffinement en Floraison","description":"des orchid\u00e9es avec notre collection exceptionnelle. Offrez-vous ou offrez \u00e0 vos proches une touche de raffinement avec ces fleurs exotiques et sophistiqu\u00e9es","robots":{"index":"index","follow":"follow","max-snippet":"max-snippet:-1","max-image-preview":"max-image-preview:large","max-video-preview":"max-video-preview:-1"},"canonical":"https:\/\/florajia.com\/?product=orchidee-fushia","og_locale":"fr_FR","og_type":"article","og_title":"Orchid\u00e9es : \u00c9l\u00e9gance et Raffinement en Floraison","og_description":"des orchid\u00e9es avec notre collection exceptionnelle. Offrez-vous ou offrez \u00e0 vos proches une touche de raffinement avec ces fleurs exotiques et sophistiqu\u00e9es","og_url":"https:\/\/florajia.com\/?product=orchidee-fushia","og_site_name":"www.Florajia.com","article_publisher":"https:\/\/www.facebook.com\/florajiafleur","article_modified_time":"2024-03-31T22:27:13+00:00","og_image":[{"width":1080,"height":1080,"url":"https:\/\/florajia.com\/wp-content\/uploads\/2013\/06\/orchide\u0301e-fushia.png","type":"image\/png"}],"twitter_card":"summary_large_image","twitter_site":"@florajiafleur","twitter_misc":{"Dur\u00e9e de lecture estim\u00e9e":"1 minute"},"schema":{"@context":"https:\/\/schema.org","@graph":[{"@type":"WebPage","@id":"https:\/\/florajia.com\/?product=orchidee-fushia","url":"https:\/\/florajia.com\/?product=orchidee-fushia","name":"Orchid\u00e9es : \u00c9l\u00e9gance et Raffinement en Floraison","isPartOf":{"@id":"https:\/\/florajia.com\/#website"},"datePublished":"2013-06-07T07:49:51+00:00","dateModified":"2024-03-31T22:27:13+00:00","description":"des orchid\u00e9es avec notre collection exceptionnelle. Offrez-vous ou offrez \u00e0 vos proches une touche de raffinement avec ces fleurs exotiques et sophistiqu\u00e9es","breadcrumb":{"@id":"https:\/\/florajia.com\/?product=orchidee-fushia#breadcrumb"},"inLanguage":"fr-FR","potentialAction":[{"@type":"ReadAction","target":["https:\/\/florajia.com\/?product=orchidee-fushia"]}]},{"@type":"BreadcrumbList","@id":"https:\/\/florajia.com\/?product=orchidee-fushia#breadcrumb","itemListElement":[{"@type":"ListItem","position":1,"name":"Home","item":"https:\/\/florajia.com\/"},{"@type":"ListItem","position":2,"name":"Shop","item":"https:\/\/florajia.com\/?page_id=345"},{"@type":"ListItem","position":3,"name":"orchide\u0301e fushia"}]},{"@type":"WebSite","@id":"https:\/\/florajia.com\/#website","url":"https:\/\/florajia.com\/","name":"www.Florajia.com","description":"florajia c&#039;est un fleuriste   Sp\u00e9cialiste de livraison de bouquets de fleurs et rose qualite fleurissent  livraison partout \u00e0 Marrakech","publisher":{"@id":"https:\/\/florajia.com\/#organization"},"potentialAction":[{"@type":"SearchAction","target":{"@type":"EntryPoint","urlTemplate":"https:\/\/florajia.com\/?s={search_term_string}"},"query-input":"required name=search_term_string"}],"inLanguage":"fr-FR"},{"@type":"Organization","@id":"https:\/\/florajia.com\/#organization","name":"Florajia","url":"https:\/\/florajia.com\/","logo":{"@type":"ImageObject","inLanguage":"fr-FR","@id":"https:\/\/florajia.com\/#\/schema\/logo\/image\/","url":"https:\/\/florajia.com\/wp-content\/uploads\/2020\/02\/5e48499b45714_image_name-1.jpg","contentUrl":"https:\/\/florajia.com\/wp-content\/uploads\/2020\/02\/5e48499b45714_image_name-1.jpg","width":512,"height":512,"caption":"Florajia"},"image":{"@id":"https:\/\/florajia.com\/#\/schema\/logo\/image\/"},"sameAs":["https:\/\/www.facebook.com\/florajiafleur","https:\/\/twitter.com\/florajiafleur","https:\/\/www.instagram.com\/florajiafleurs","https:\/\/www.pinterest.com\/florajiafleurs\/"]}]}},"_links":{"self":[{"href":"https:\/\/florajia.com\/index.php?rest_route=\/wp\/v2\/product\/104"}],"collection":[{"href":"https:\/\/florajia.com\/index.php?rest_route=\/wp\/v2\/product"}],"about":[{"href":"https:\/\/florajia.com\/index.php?rest_route=\/wp\/v2\/types\/product"}],"replies":[{"embeddable":true,"href":"https:\/\/florajia.com\/index.php?rest_route=%2Fwp%2Fv2%2Fcomments&post=104"}],"wp:featuredmedia":[{"embeddable":true,"href":"https:\/\/florajia.com\/index.php?rest_route=\/wp\/v2\/media\/8722"}],"wp:attachment":[{"href":"https:\/\/florajia.com\/index.php?rest_route=%2Fwp%2Fv2%2Fmedia&parent=104"}],"wp:term":[{"taxonomy":"product_cat","embeddable":true,"href":"https:\/\/florajia.com\/index.php?rest_route=%2Fwp%2Fv2%2Fproduct_cat&post=104"},{"taxonomy":"product_tag","embeddable":true,"href":"https:\/\/florajia.com\/index.php?rest_route=%2Fwp%2Fv2%2Fproduct_tag&post=104"}],"curies":[{"name":"wp","href":"https:\/\/api.w.org\/{rel}","templated":true}]}}