{"id":13574,"date":"2023-05-30T03:02:44","date_gmt":"2023-05-30T00:02:44","guid":{"rendered":"https:\/\/florajia.com\/?post_type=product&#038;p=13574"},"modified":"2024-03-12T16:47:28","modified_gmt":"2024-03-12T13:47:28","slug":"florale-sechee","status":"publish","type":"product","link":"https:\/\/florajia.com\/?product=florale-sechee","title":{"rendered":"composition florale s\u00e9ch\u00e9e"},"content":{"rendered":"<div class=\"flex flex-grow flex-col gap-3\">\n<div class=\"min-h-[20px] flex flex-col items-start gap-4 whitespace-pre-wrap break-words\">\n<div class=\"markdown prose w-full break-words dark:prose-invert light\">\n<div class=\"group w-full text-gray-800 dark:text-gray-100 border-b border-black\/10 dark:border-gray-900\/50 bg-gray-50 dark:bg-[#444654]\">\n<div class=\"flex p-4 gap-4 text-base md:gap-6 md:max-w-2xl lg:max-w-xl xl:max-w-3xl md:py-6 lg:px-0 m-auto\">\n<div class=\"relative flex w-[calc(100%-50px)] flex-col gap-1 md:gap-3 lg:w-[calc(100%-115px)]\">\n<div class=\"flex flex-grow flex-col gap-3\">\n<div class=\"min-h-[20px] flex flex-col items-start gap-4 whitespace-pre-wrap break-words\">\n<div class=\"markdown prose w-full break-words dark:prose-invert light\">\n<p>Une composition florale s\u00e9ch\u00e9e repr\u00e9sente une cr\u00e9ation artistique o\u00f9 des fleurs et des plantes sont utilis\u00e9es apr\u00e8s avoir \u00e9t\u00e9 s\u00e9ch\u00e9es. Les fleurs s\u00e9ch\u00e9es pr\u00e9servent leur beaut\u00e9 et leur apparence naturelle, mais sans la fra\u00eecheur et la fragilit\u00e9 des fleurs fra\u00eeches.<\/p>\n<\/div>\n<\/div>\n<\/div>\n<\/div>\n<\/div>\n<\/div>\n<\/div>\n<\/div>\n<\/div>\n<div class=\"flex justify-between lg:block\">\n<div class=\"text-gray-400 flex self-end lg:self-center justify-center mt-2 gap-2 md:gap-3 lg:gap-1 lg:absolute lg:top-0 lg:translate-x-full lg:right-0 lg:mt-0 lg:pl-2 visible\">\n<p>&nbsp;<\/p>\n<div class=\"flex gap-1\"><\/div>\n<\/div>\n<div class=\"flex justify-between items-center p-4 rounded-md bg-gray-100 dark:bg-gray-700 text-gray-700 dark:text-gray-300 text-sm\"><\/div>\n<\/div>\n","protected":false},"excerpt":{"rendered":"<div class=\"group w-full text-gray-800 dark:text-gray-100 border-b border-black\/10 dark:border-gray-900\/50 bg-gray-50 dark:bg-[#444654]\">\n<div class=\"flex p-4 gap-4 text-base md:gap-6 md:max-w-2xl lg:max-w-xl xl:max-w-3xl md:py-6 lg:px-0 m-auto\">\n<div class=\"relative flex w-[calc(100%-50px)] flex-col gap-1 md:gap-3 lg:w-[calc(100%-115px)]\">\n<div class=\"flex flex-grow flex-col gap-3\">\n<div class=\"min-h-[20px] flex flex-col items-start gap-4 whitespace-pre-wrap break-words\">\n<div class=\"markdown prose w-full break-words dark:prose-invert light\">\n<p>Une composition florale s\u00e9ch\u00e9e est une arrangement artistique de fleurs et de plantes s\u00e9ch\u00e9es. Elle est cr\u00e9\u00e9e en s\u00e9lectionnant des \u00e9l\u00e9ments floraux tels que des roses, des lavandes, des hortensias et des tournesols s\u00e9ch\u00e9s, ainsi que des feuillages tels que des branches d&rsquo;eucalyptus et des gramin\u00e9es. Les fleurs s\u00e9ch\u00e9es conservent leur forme, leur couleur et leur texture d&rsquo;origine, ajoutant une touche naturelle et intemporelle \u00e0 la d\u00e9coration int\u00e9rieure. Ces compositions peuvent \u00eatre organis\u00e9es de mani\u00e8re libre et organique ou de mani\u00e8re plus structur\u00e9e, offrant une alternative durable et esth\u00e9tique aux fleurs fra\u00eeches.<\/p>\n<\/div>\n<\/div>\n<\/div>\n<div class=\"flex justify-between lg:block\">\n<div class=\"text-gray-400 flex self-end lg:self-center justify-center mt-2 gap-2 md:gap-3 lg:gap-1 lg:absolute lg:top-0 lg:translate-x-full lg:right-0 lg:mt-0 lg:pl-2 visible\">\n<p>&nbsp;<\/p>\n<div class=\"flex gap-1\"><\/div>\n<\/div>\n<\/div>\n<\/div>\n<\/div>\n<\/div>\n","protected":false},"featured_media":13571,"comment_status":"open","ping_status":"closed","template":"","meta":{"_joinchat":[]},"product_cat":[64],"product_tag":[],"yoast_head":"<!-- This site is optimized with the Yoast SEO plugin v20.13 - https:\/\/yoast.com\/wordpress\/plugins\/seo\/ -->\n<title>Une composition florale s\u00e9ch\u00e9e est une arrangement artistique<\/title>\n<meta name=\"description\" content=\"Une composition florale s\u00e9ch\u00e9e est une arrangement artistique de fleurs et de plantes s\u00e9ch\u00e9es. Elle est cr\u00e9\u00e9e en s\u00e9lectionnant des \u00e9l\u00e9ments floraux tels que\" \/>\n<meta name=\"robots\" content=\"index, follow, max-snippet:-1, max-image-preview:large, max-video-preview:-1\" \/>\n<link rel=\"canonical\" href=\"https:\/\/florajia.com\/?product=florale-sechee\" \/>\n<meta property=\"og:locale\" content=\"fr_FR\" \/>\n<meta property=\"og:type\" content=\"article\" \/>\n<meta property=\"og:title\" content=\"Une composition florale s\u00e9ch\u00e9e est une arrangement artistique\" \/>\n<meta property=\"og:description\" content=\"Une composition florale s\u00e9ch\u00e9e est une arrangement artistique de fleurs et de plantes s\u00e9ch\u00e9es. Elle est cr\u00e9\u00e9e en s\u00e9lectionnant des \u00e9l\u00e9ments floraux tels que\" \/>\n<meta property=\"og:url\" content=\"https:\/\/florajia.com\/?product=florale-sechee\" \/>\n<meta property=\"og:site_name\" content=\"www.Florajia.com\" \/>\n<meta property=\"article:publisher\" content=\"https:\/\/www.facebook.com\/florajiafleur\" \/>\n<meta property=\"article:modified_time\" content=\"2024-03-12T13:47:28+00:00\" \/>\n<meta property=\"og:image\" content=\"https:\/\/florajia.com\/wp-content\/uploads\/2023\/05\/WhatsApp-Image-2023-05-30-at-00.18.00.jpeg\" \/>\n\t<meta property=\"og:image:width\" content=\"1080\" \/>\n\t<meta property=\"og:image:height\" content=\"1080\" \/>\n\t<meta property=\"og:image:type\" content=\"image\/jpeg\" \/>\n<meta name=\"twitter:card\" content=\"summary_large_image\" \/>\n<meta name=\"twitter:site\" content=\"@florajiafleur\" \/>\n<meta name=\"twitter:label1\" content=\"Dur\u00e9e de lecture estim\u00e9e\" \/>\n\t<meta name=\"twitter:data1\" content=\"1 minute\" \/>\n<script type=\"application\/ld+json\" class=\"yoast-schema-graph\">{\"@context\":\"https:\/\/schema.org\",\"@graph\":[{\"@type\":\"WebPage\",\"@id\":\"https:\/\/florajia.com\/?product=florale-sechee\",\"url\":\"https:\/\/florajia.com\/?product=florale-sechee\",\"name\":\"Une composition florale s\u00e9ch\u00e9e est une arrangement artistique\",\"isPartOf\":{\"@id\":\"https:\/\/florajia.com\/#website\"},\"datePublished\":\"2023-05-30T00:02:44+00:00\",\"dateModified\":\"2024-03-12T13:47:28+00:00\",\"description\":\"Une composition florale s\u00e9ch\u00e9e est une arrangement artistique de fleurs et de plantes s\u00e9ch\u00e9es. Elle est cr\u00e9\u00e9e en s\u00e9lectionnant des \u00e9l\u00e9ments floraux tels que\",\"breadcrumb\":{\"@id\":\"https:\/\/florajia.com\/?product=florale-sechee#breadcrumb\"},\"inLanguage\":\"fr-FR\",\"potentialAction\":[{\"@type\":\"ReadAction\",\"target\":[\"https:\/\/florajia.com\/?product=florale-sechee\"]}]},{\"@type\":\"BreadcrumbList\",\"@id\":\"https:\/\/florajia.com\/?product=florale-sechee#breadcrumb\",\"itemListElement\":[{\"@type\":\"ListItem\",\"position\":1,\"name\":\"Home\",\"item\":\"https:\/\/florajia.com\/\"},{\"@type\":\"ListItem\",\"position\":2,\"name\":\"Shop\",\"item\":\"https:\/\/florajia.com\/?page_id=345\"},{\"@type\":\"ListItem\",\"position\":3,\"name\":\"composition florale s\u00e9ch\u00e9e\"}]},{\"@type\":\"WebSite\",\"@id\":\"https:\/\/florajia.com\/#website\",\"url\":\"https:\/\/florajia.com\/\",\"name\":\"www.Florajia.com\",\"description\":\"florajia c&#039;est un fleuriste   Sp\u00e9cialiste de livraison de bouquets de fleurs et rose qualite fleurissent  livraison partout \u00e0 Marrakech\",\"publisher\":{\"@id\":\"https:\/\/florajia.com\/#organization\"},\"potentialAction\":[{\"@type\":\"SearchAction\",\"target\":{\"@type\":\"EntryPoint\",\"urlTemplate\":\"https:\/\/florajia.com\/?s={search_term_string}\"},\"query-input\":\"required name=search_term_string\"}],\"inLanguage\":\"fr-FR\"},{\"@type\":\"Organization\",\"@id\":\"https:\/\/florajia.com\/#organization\",\"name\":\"Florajia\",\"url\":\"https:\/\/florajia.com\/\",\"logo\":{\"@type\":\"ImageObject\",\"inLanguage\":\"fr-FR\",\"@id\":\"https:\/\/florajia.com\/#\/schema\/logo\/image\/\",\"url\":\"https:\/\/florajia.com\/wp-content\/uploads\/2020\/02\/5e48499b45714_image_name-1.jpg\",\"contentUrl\":\"https:\/\/florajia.com\/wp-content\/uploads\/2020\/02\/5e48499b45714_image_name-1.jpg\",\"width\":512,\"height\":512,\"caption\":\"Florajia\"},\"image\":{\"@id\":\"https:\/\/florajia.com\/#\/schema\/logo\/image\/\"},\"sameAs\":[\"https:\/\/www.facebook.com\/florajiafleur\",\"https:\/\/twitter.com\/florajiafleur\",\"https:\/\/www.instagram.com\/florajiafleurs\",\"https:\/\/www.pinterest.com\/florajiafleurs\/\"]}]}<\/script>\n<!-- \/ Yoast SEO plugin. -->","yoast_head_json":{"title":"Une composition florale s\u00e9ch\u00e9e est une arrangement artistique","description":"Une composition florale s\u00e9ch\u00e9e est une arrangement artistique de fleurs et de plantes s\u00e9ch\u00e9es. Elle est cr\u00e9\u00e9e en s\u00e9lectionnant des \u00e9l\u00e9ments floraux tels que","robots":{"index":"index","follow":"follow","max-snippet":"max-snippet:-1","max-image-preview":"max-image-preview:large","max-video-preview":"max-video-preview:-1"},"canonical":"https:\/\/florajia.com\/?product=florale-sechee","og_locale":"fr_FR","og_type":"article","og_title":"Une composition florale s\u00e9ch\u00e9e est une arrangement artistique","og_description":"Une composition florale s\u00e9ch\u00e9e est une arrangement artistique de fleurs et de plantes s\u00e9ch\u00e9es. Elle est cr\u00e9\u00e9e en s\u00e9lectionnant des \u00e9l\u00e9ments floraux tels que","og_url":"https:\/\/florajia.com\/?product=florale-sechee","og_site_name":"www.Florajia.com","article_publisher":"https:\/\/www.facebook.com\/florajiafleur","article_modified_time":"2024-03-12T13:47:28+00:00","og_image":[{"width":1080,"height":1080,"url":"https:\/\/florajia.com\/wp-content\/uploads\/2023\/05\/WhatsApp-Image-2023-05-30-at-00.18.00.jpeg","type":"image\/jpeg"}],"twitter_card":"summary_large_image","twitter_site":"@florajiafleur","twitter_misc":{"Dur\u00e9e de lecture estim\u00e9e":"1 minute"},"schema":{"@context":"https:\/\/schema.org","@graph":[{"@type":"WebPage","@id":"https:\/\/florajia.com\/?product=florale-sechee","url":"https:\/\/florajia.com\/?product=florale-sechee","name":"Une composition florale s\u00e9ch\u00e9e est une arrangement artistique","isPartOf":{"@id":"https:\/\/florajia.com\/#website"},"datePublished":"2023-05-30T00:02:44+00:00","dateModified":"2024-03-12T13:47:28+00:00","description":"Une composition florale s\u00e9ch\u00e9e est une arrangement artistique de fleurs et de plantes s\u00e9ch\u00e9es. Elle est cr\u00e9\u00e9e en s\u00e9lectionnant des \u00e9l\u00e9ments floraux tels que","breadcrumb":{"@id":"https:\/\/florajia.com\/?product=florale-sechee#breadcrumb"},"inLanguage":"fr-FR","potentialAction":[{"@type":"ReadAction","target":["https:\/\/florajia.com\/?product=florale-sechee"]}]},{"@type":"BreadcrumbList","@id":"https:\/\/florajia.com\/?product=florale-sechee#breadcrumb","itemListElement":[{"@type":"ListItem","position":1,"name":"Home","item":"https:\/\/florajia.com\/"},{"@type":"ListItem","position":2,"name":"Shop","item":"https:\/\/florajia.com\/?page_id=345"},{"@type":"ListItem","position":3,"name":"composition florale s\u00e9ch\u00e9e"}]},{"@type":"WebSite","@id":"https:\/\/florajia.com\/#website","url":"https:\/\/florajia.com\/","name":"www.Florajia.com","description":"florajia c&#039;est un fleuriste   Sp\u00e9cialiste de livraison de bouquets de fleurs et rose qualite fleurissent  livraison partout \u00e0 Marrakech","publisher":{"@id":"https:\/\/florajia.com\/#organization"},"potentialAction":[{"@type":"SearchAction","target":{"@type":"EntryPoint","urlTemplate":"https:\/\/florajia.com\/?s={search_term_string}"},"query-input":"required name=search_term_string"}],"inLanguage":"fr-FR"},{"@type":"Organization","@id":"https:\/\/florajia.com\/#organization","name":"Florajia","url":"https:\/\/florajia.com\/","logo":{"@type":"ImageObject","inLanguage":"fr-FR","@id":"https:\/\/florajia.com\/#\/schema\/logo\/image\/","url":"https:\/\/florajia.com\/wp-content\/uploads\/2020\/02\/5e48499b45714_image_name-1.jpg","contentUrl":"https:\/\/florajia.com\/wp-content\/uploads\/2020\/02\/5e48499b45714_image_name-1.jpg","width":512,"height":512,"caption":"Florajia"},"image":{"@id":"https:\/\/florajia.com\/#\/schema\/logo\/image\/"},"sameAs":["https:\/\/www.facebook.com\/florajiafleur","https:\/\/twitter.com\/florajiafleur","https:\/\/www.instagram.com\/florajiafleurs","https:\/\/www.pinterest.com\/florajiafleurs\/"]}]}},"_links":{"self":[{"href":"https:\/\/florajia.com\/index.php?rest_route=\/wp\/v2\/product\/13574"}],"collection":[{"href":"https:\/\/florajia.com\/index.php?rest_route=\/wp\/v2\/product"}],"about":[{"href":"https:\/\/florajia.com\/index.php?rest_route=\/wp\/v2\/types\/product"}],"replies":[{"embeddable":true,"href":"https:\/\/florajia.com\/index.php?rest_route=%2Fwp%2Fv2%2Fcomments&post=13574"}],"wp:featuredmedia":[{"embeddable":true,"href":"https:\/\/florajia.com\/index.php?rest_route=\/wp\/v2\/media\/13571"}],"wp:attachment":[{"href":"https:\/\/florajia.com\/index.php?rest_route=%2Fwp%2Fv2%2Fmedia&parent=13574"}],"wp:term":[{"taxonomy":"product_cat","embeddable":true,"href":"https:\/\/florajia.com\/index.php?rest_route=%2Fwp%2Fv2%2Fproduct_cat&post=13574"},{"taxonomy":"product_tag","embeddable":true,"href":"https:\/\/florajia.com\/index.php?rest_route=%2Fwp%2Fv2%2Fproduct_tag&post=13574"}],"curies":[{"name":"wp","href":"https:\/\/api.w.org\/{rel}","templated":true}]}}