{"id":8562,"date":"2020-02-09T01:47:30","date_gmt":"2020-02-08T22:47:30","guid":{"rendered":"http:\/\/florajia.com\/?post_type=product&#038;p=8562"},"modified":"2024-03-21T01:35:05","modified_gmt":"2024-03-20T22:35:05","slug":"fleurs-du-maroc","status":"publish","type":"product","link":"https:\/\/florajia.com\/?product=fleurs-du-maroc","title":{"rendered":"fleur de maroc"},"content":{"rendered":"<p>Fleurs du Maroc : Beaut\u00e9 et Authenticit\u00e9 \u00e0 l&rsquo;Honneur\u00a0\u00bb<\/p>\n<p>D\u00e9couvrez la richesse florale du Maroc avec notre s\u00e9lection de fleurs embl\u00e9matiques. Plongez dans un voyage sensoriel \u00e0 travers les parfums envo\u00fbtants et les couleurs vibrantes de cette terre magnifique. Commandez d\u00e8s aujourd&rsquo;hui pour apporter une touche d&rsquo;exotisme \u00e0 votre espace de vie.<\/p>\n","protected":false},"excerpt":{"rendered":"<style type=\"text\/css\"><!--td {border: 1px solid #ccc;}br {mso-data-placement:same-cell;}--><\/style>\n<p>\u00ab\u00a0Bouquet de Fleurs du Maroc : \u00c9l\u00e9gance et Exotisme R\u00e9unis\u00a0\u00bb<\/p>\n<p>Laissez-vous envo\u00fbter par la beaut\u00e9 et la richesse florale du Maroc avec notre somptueux bouquet de fleurs. Compos\u00e9 des fleurs les plus embl\u00e9matiques de cette terre ensoleill\u00e9e, ce bouquet apportera une touche d&rsquo;exotisme et de raffinement \u00e0 toutes vos occasions sp\u00e9ciales. Commandez d\u00e8s aujourd&rsquo;hui pour \u00e9gayer votre journ\u00e9e avec cette explosion de couleurs et de parfums.<\/p>\n<p><img decoding=\"async\" loading=\"lazy\" class=\"alignnone wp-image-13330 size-medium\" src=\"https:\/\/florajia.com\/wp-content\/uploads\/2022\/04\/paiement-en-ligne-10-securise-2-removebg-preview-300x72.png\" alt=\"\" width=\"300\" height=\"72\" srcset=\"https:\/\/florajia.com\/wp-content\/uploads\/2022\/04\/paiement-en-ligne-10-securise-2-removebg-preview-300x72.png 300w, https:\/\/florajia.com\/wp-content\/uploads\/2022\/04\/paiement-en-ligne-10-securise-2-removebg-preview-600x144.png 600w, https:\/\/florajia.com\/wp-content\/uploads\/2022\/04\/paiement-en-ligne-10-securise-2-removebg-preview.png 769w\" sizes=\"(max-width: 300px) 100vw, 300px\" \/><\/p>\n","protected":false},"featured_media":9102,"comment_status":"open","ping_status":"closed","template":"","meta":{"_joinchat":[]},"product_cat":[45],"product_tag":[],"yoast_head":"<!-- This site is optimized with the Yoast SEO plugin v20.13 - https:\/\/yoast.com\/wordpress\/plugins\/seo\/ -->\n<title>&quot;Bouquet de Fleurs du Maroc : \u00c9l\u00e9gance et Exotisme R\u00e9unis&quot;<\/title>\n<meta name=\"description\" content=\"bouquet de fleurs du Maroc, compos\u00e9 des vari\u00e9t\u00e9s les plus embl\u00e9matiques de cette terre ensoleill\u00e9e. Apportez une touche d&#039;exotisme et de raffinement.\" \/>\n<meta name=\"robots\" content=\"index, follow, max-snippet:-1, max-image-preview:large, max-video-preview:-1\" \/>\n<link rel=\"canonical\" href=\"https:\/\/florajia.com\/?product=fleurs-du-maroc\" \/>\n<meta property=\"og:locale\" content=\"fr_FR\" \/>\n<meta property=\"og:type\" content=\"article\" \/>\n<meta property=\"og:title\" content=\"&quot;Bouquet de Fleurs du Maroc : \u00c9l\u00e9gance et Exotisme R\u00e9unis&quot;\" \/>\n<meta property=\"og:description\" content=\"bouquet de fleurs du Maroc, compos\u00e9 des vari\u00e9t\u00e9s les plus embl\u00e9matiques de cette terre ensoleill\u00e9e. Apportez une touche d&#039;exotisme et de raffinement.\" \/>\n<meta property=\"og:url\" content=\"https:\/\/florajia.com\/?product=fleurs-du-maroc\" \/>\n<meta property=\"og:site_name\" content=\"www.Florajia.com\" \/>\n<meta property=\"article:publisher\" content=\"https:\/\/www.facebook.com\/florajiafleur\" \/>\n<meta property=\"article:modified_time\" content=\"2024-03-20T22:35:05+00:00\" \/>\n<meta property=\"og:image\" content=\"https:\/\/florajia.com\/wp-content\/uploads\/2020\/02\/bouquet-de-fleurs-heureux-florajia.com_.png\" \/>\n\t<meta property=\"og:image:width\" content=\"1080\" \/>\n\t<meta property=\"og:image:height\" content=\"1080\" \/>\n\t<meta property=\"og:image:type\" content=\"image\/png\" \/>\n<meta name=\"twitter:card\" content=\"summary_large_image\" \/>\n<meta name=\"twitter:site\" content=\"@florajiafleur\" \/>\n<meta name=\"twitter:label1\" content=\"Dur\u00e9e de lecture estim\u00e9e\" \/>\n\t<meta name=\"twitter:data1\" content=\"1 minute\" \/>\n<script type=\"application\/ld+json\" class=\"yoast-schema-graph\">{\"@context\":\"https:\/\/schema.org\",\"@graph\":[{\"@type\":\"WebPage\",\"@id\":\"https:\/\/florajia.com\/?product=fleurs-du-maroc\",\"url\":\"https:\/\/florajia.com\/?product=fleurs-du-maroc\",\"name\":\"\\\"Bouquet de Fleurs du Maroc : \u00c9l\u00e9gance et Exotisme R\u00e9unis\\\"\",\"isPartOf\":{\"@id\":\"https:\/\/florajia.com\/#website\"},\"datePublished\":\"2020-02-08T22:47:30+00:00\",\"dateModified\":\"2024-03-20T22:35:05+00:00\",\"description\":\"bouquet de fleurs du Maroc, compos\u00e9 des vari\u00e9t\u00e9s les plus embl\u00e9matiques de cette terre ensoleill\u00e9e. Apportez une touche d'exotisme et de raffinement.\",\"breadcrumb\":{\"@id\":\"https:\/\/florajia.com\/?product=fleurs-du-maroc#breadcrumb\"},\"inLanguage\":\"fr-FR\",\"potentialAction\":[{\"@type\":\"ReadAction\",\"target\":[\"https:\/\/florajia.com\/?product=fleurs-du-maroc\"]}]},{\"@type\":\"BreadcrumbList\",\"@id\":\"https:\/\/florajia.com\/?product=fleurs-du-maroc#breadcrumb\",\"itemListElement\":[{\"@type\":\"ListItem\",\"position\":1,\"name\":\"Home\",\"item\":\"https:\/\/florajia.com\/\"},{\"@type\":\"ListItem\",\"position\":2,\"name\":\"Shop\",\"item\":\"https:\/\/florajia.com\/?page_id=345\"},{\"@type\":\"ListItem\",\"position\":3,\"name\":\"fleur de maroc\"}]},{\"@type\":\"WebSite\",\"@id\":\"https:\/\/florajia.com\/#website\",\"url\":\"https:\/\/florajia.com\/\",\"name\":\"www.Florajia.com\",\"description\":\"florajia c&#039;est un fleuriste   Sp\u00e9cialiste de livraison de bouquets de fleurs et rose qualite fleurissent  livraison partout \u00e0 Marrakech\",\"publisher\":{\"@id\":\"https:\/\/florajia.com\/#organization\"},\"potentialAction\":[{\"@type\":\"SearchAction\",\"target\":{\"@type\":\"EntryPoint\",\"urlTemplate\":\"https:\/\/florajia.com\/?s={search_term_string}\"},\"query-input\":\"required name=search_term_string\"}],\"inLanguage\":\"fr-FR\"},{\"@type\":\"Organization\",\"@id\":\"https:\/\/florajia.com\/#organization\",\"name\":\"Florajia\",\"url\":\"https:\/\/florajia.com\/\",\"logo\":{\"@type\":\"ImageObject\",\"inLanguage\":\"fr-FR\",\"@id\":\"https:\/\/florajia.com\/#\/schema\/logo\/image\/\",\"url\":\"https:\/\/florajia.com\/wp-content\/uploads\/2020\/02\/5e48499b45714_image_name-1.jpg\",\"contentUrl\":\"https:\/\/florajia.com\/wp-content\/uploads\/2020\/02\/5e48499b45714_image_name-1.jpg\",\"width\":512,\"height\":512,\"caption\":\"Florajia\"},\"image\":{\"@id\":\"https:\/\/florajia.com\/#\/schema\/logo\/image\/\"},\"sameAs\":[\"https:\/\/www.facebook.com\/florajiafleur\",\"https:\/\/twitter.com\/florajiafleur\",\"https:\/\/www.instagram.com\/florajiafleurs\",\"https:\/\/www.pinterest.com\/florajiafleurs\/\"]}]}<\/script>\n<!-- \/ Yoast SEO plugin. -->","yoast_head_json":{"title":"\"Bouquet de Fleurs du Maroc : \u00c9l\u00e9gance et Exotisme R\u00e9unis\"","description":"bouquet de fleurs du Maroc, compos\u00e9 des vari\u00e9t\u00e9s les plus embl\u00e9matiques de cette terre ensoleill\u00e9e. Apportez une touche d'exotisme et de raffinement.","robots":{"index":"index","follow":"follow","max-snippet":"max-snippet:-1","max-image-preview":"max-image-preview:large","max-video-preview":"max-video-preview:-1"},"canonical":"https:\/\/florajia.com\/?product=fleurs-du-maroc","og_locale":"fr_FR","og_type":"article","og_title":"\"Bouquet de Fleurs du Maroc : \u00c9l\u00e9gance et Exotisme R\u00e9unis\"","og_description":"bouquet de fleurs du Maroc, compos\u00e9 des vari\u00e9t\u00e9s les plus embl\u00e9matiques de cette terre ensoleill\u00e9e. Apportez une touche d'exotisme et de raffinement.","og_url":"https:\/\/florajia.com\/?product=fleurs-du-maroc","og_site_name":"www.Florajia.com","article_publisher":"https:\/\/www.facebook.com\/florajiafleur","article_modified_time":"2024-03-20T22:35:05+00:00","og_image":[{"width":1080,"height":1080,"url":"https:\/\/florajia.com\/wp-content\/uploads\/2020\/02\/bouquet-de-fleurs-heureux-florajia.com_.png","type":"image\/png"}],"twitter_card":"summary_large_image","twitter_site":"@florajiafleur","twitter_misc":{"Dur\u00e9e de lecture estim\u00e9e":"1 minute"},"schema":{"@context":"https:\/\/schema.org","@graph":[{"@type":"WebPage","@id":"https:\/\/florajia.com\/?product=fleurs-du-maroc","url":"https:\/\/florajia.com\/?product=fleurs-du-maroc","name":"\"Bouquet de Fleurs du Maroc : \u00c9l\u00e9gance et Exotisme R\u00e9unis\"","isPartOf":{"@id":"https:\/\/florajia.com\/#website"},"datePublished":"2020-02-08T22:47:30+00:00","dateModified":"2024-03-20T22:35:05+00:00","description":"bouquet de fleurs du Maroc, compos\u00e9 des vari\u00e9t\u00e9s les plus embl\u00e9matiques de cette terre ensoleill\u00e9e. Apportez une touche d'exotisme et de raffinement.","breadcrumb":{"@id":"https:\/\/florajia.com\/?product=fleurs-du-maroc#breadcrumb"},"inLanguage":"fr-FR","potentialAction":[{"@type":"ReadAction","target":["https:\/\/florajia.com\/?product=fleurs-du-maroc"]}]},{"@type":"BreadcrumbList","@id":"https:\/\/florajia.com\/?product=fleurs-du-maroc#breadcrumb","itemListElement":[{"@type":"ListItem","position":1,"name":"Home","item":"https:\/\/florajia.com\/"},{"@type":"ListItem","position":2,"name":"Shop","item":"https:\/\/florajia.com\/?page_id=345"},{"@type":"ListItem","position":3,"name":"fleur de maroc"}]},{"@type":"WebSite","@id":"https:\/\/florajia.com\/#website","url":"https:\/\/florajia.com\/","name":"www.Florajia.com","description":"florajia c&#039;est un fleuriste   Sp\u00e9cialiste de livraison de bouquets de fleurs et rose qualite fleurissent  livraison partout \u00e0 Marrakech","publisher":{"@id":"https:\/\/florajia.com\/#organization"},"potentialAction":[{"@type":"SearchAction","target":{"@type":"EntryPoint","urlTemplate":"https:\/\/florajia.com\/?s={search_term_string}"},"query-input":"required name=search_term_string"}],"inLanguage":"fr-FR"},{"@type":"Organization","@id":"https:\/\/florajia.com\/#organization","name":"Florajia","url":"https:\/\/florajia.com\/","logo":{"@type":"ImageObject","inLanguage":"fr-FR","@id":"https:\/\/florajia.com\/#\/schema\/logo\/image\/","url":"https:\/\/florajia.com\/wp-content\/uploads\/2020\/02\/5e48499b45714_image_name-1.jpg","contentUrl":"https:\/\/florajia.com\/wp-content\/uploads\/2020\/02\/5e48499b45714_image_name-1.jpg","width":512,"height":512,"caption":"Florajia"},"image":{"@id":"https:\/\/florajia.com\/#\/schema\/logo\/image\/"},"sameAs":["https:\/\/www.facebook.com\/florajiafleur","https:\/\/twitter.com\/florajiafleur","https:\/\/www.instagram.com\/florajiafleurs","https:\/\/www.pinterest.com\/florajiafleurs\/"]}]}},"_links":{"self":[{"href":"https:\/\/florajia.com\/index.php?rest_route=\/wp\/v2\/product\/8562"}],"collection":[{"href":"https:\/\/florajia.com\/index.php?rest_route=\/wp\/v2\/product"}],"about":[{"href":"https:\/\/florajia.com\/index.php?rest_route=\/wp\/v2\/types\/product"}],"replies":[{"embeddable":true,"href":"https:\/\/florajia.com\/index.php?rest_route=%2Fwp%2Fv2%2Fcomments&post=8562"}],"wp:featuredmedia":[{"embeddable":true,"href":"https:\/\/florajia.com\/index.php?rest_route=\/wp\/v2\/media\/9102"}],"wp:attachment":[{"href":"https:\/\/florajia.com\/index.php?rest_route=%2Fwp%2Fv2%2Fmedia&parent=8562"}],"wp:term":[{"taxonomy":"product_cat","embeddable":true,"href":"https:\/\/florajia.com\/index.php?rest_route=%2Fwp%2Fv2%2Fproduct_cat&post=8562"},{"taxonomy":"product_tag","embeddable":true,"href":"https:\/\/florajia.com\/index.php?rest_route=%2Fwp%2Fv2%2Fproduct_tag&post=8562"}],"curies":[{"name":"wp","href":"https:\/\/api.w.org\/{rel}","templated":true}]}}