{"id":99,"date":"2013-06-07T11:38:12","date_gmt":"2013-06-07T08:38:12","guid":{"rendered":"http:\/\/demo2.woothemes.com\/woocommerce\/?post_type=product&#038;p=99"},"modified":"2024-04-01T01:15:50","modified_gmt":"2024-03-31T22:15:50","slug":"calathea-medaillon","status":"publish","type":"product","link":"https:\/\/florajia.com\/?product=calathea-medaillon","title":{"rendered":"calathea m\u00e9daillon"},"content":{"rendered":"<style type=\"text\/css\"><!--td {border: 1px solid #ccc;}br {mso-data-placement:same-cell;}--><\/style>\n<p><span data-sheets-value=\"{&quot;1&quot;:2,&quot;2&quot;:&quot;Le m\u00e9daillon Calathea est une tr\u00e8s belle plante ornementale pour la maison qui ajoute une touche de couleur aux couleurs les plus d\u00e9licates. Aimant des temp\u00e9ratures comprises entre 15 et 23 degr\u00e9s Celsius, il trouvera sa place sur le balcon, une fen\u00eatre pour les photos et m\u00eame dans un bureau ou un salon. Si vous \u00eates amateur ou jardinier d\u00e9butant, n'h\u00e9sitez pas \u00e0 le choisir pour embellir vos int\u00e9rieurs sans avoir \u00e0 effectuer beaucoup d'entretien quotidien.&quot;}\" data-sheets-userformat=\"{&quot;2&quot;:513,&quot;3&quot;:{&quot;1&quot;:0},&quot;12&quot;:0}\">Le m\u00e9daillon Calathea est une tr\u00e8s belle plante ornementale pour la maison qui ajoute une touche de couleur aux couleurs les plus d\u00e9licates. Aimant des temp\u00e9ratures comprises entre 15 et 23 degr\u00e9s Celsius, il trouvera sa place sur le balcon, une fen\u00eatre pour les photos et m\u00eame dans un bureau ou un salon. Si vous \u00eates amateur ou jardinier d\u00e9butant, n&rsquo;h\u00e9sitez pas \u00e0 le choisir pour embellir vos int\u00e9rieurs sans avoir \u00e0 effectuer beaucoup d&rsquo;entretien quotidien.<\/span><\/p>\n","protected":false},"excerpt":{"rendered":"<style type=\"text\/css\"><!--td {border: 1px solid #ccc;}br {mso-data-placement:same-cell;}--><\/style>\n<p><span data-sheets-value=\"{&quot;1&quot;:2,&quot;2&quot;:&quot;Un feuillage magnifique\\nTr\u00e8s facile \u00e0 cultiver\\nTr\u00e8s d\u00e9corative et \u00e9l\u00e9gante\\nplus florajia offert une arrosoir cadeau.&quot;}\" data-sheets-userformat=\"{&quot;2&quot;:513,&quot;3&quot;:{&quot;1&quot;:0},&quot;12&quot;:0}\">Un feuillage magnifique<br \/>\nTr\u00e8s facile \u00e0 cultiver<br \/>\nTr\u00e8s d\u00e9corative et \u00e9l\u00e9gante<br \/>\nplus florajia offert une arrosoir cadeau.<\/span><\/p>\n<p><img decoding=\"async\" loading=\"lazy\" class=\"alignnone wp-image-13330 size-medium\" src=\"https:\/\/florajia.com\/wp-content\/uploads\/2022\/04\/paiement-en-ligne-10-securise-2-removebg-preview-300x72.png\" alt=\"\" width=\"300\" height=\"72\" srcset=\"https:\/\/florajia.com\/wp-content\/uploads\/2022\/04\/paiement-en-ligne-10-securise-2-removebg-preview-300x72.png 300w, https:\/\/florajia.com\/wp-content\/uploads\/2022\/04\/paiement-en-ligne-10-securise-2-removebg-preview-600x144.png 600w, https:\/\/florajia.com\/wp-content\/uploads\/2022\/04\/paiement-en-ligne-10-securise-2-removebg-preview.png 769w\" sizes=\"(max-width: 300px) 100vw, 300px\" \/><\/p>\n","protected":false},"featured_media":8699,"comment_status":"open","ping_status":"closed","template":"","meta":{"_joinchat":[]},"product_cat":[29],"product_tag":[],"yoast_head":"<!-- This site is optimized with the Yoast SEO plugin v20.13 - https:\/\/yoast.com\/wordpress\/plugins\/seo\/ -->\n<title>&quot;Cr\u00e9ations Florales Uniques pour Toutes Vos Occasions&quot;<\/title>\n<meta name=\"description\" content=\"Des cr\u00e9ations uniques pour fleurir toutes vos occasions. Bouquets de roses ou de fleurs vari\u00e9es, compositions de fleurs piqu\u00e9es, collections saisonni\u00e8res,\" \/>\n<meta name=\"robots\" content=\"index, follow, max-snippet:-1, max-image-preview:large, max-video-preview:-1\" \/>\n<link rel=\"canonical\" href=\"https:\/\/florajia.com\/?product=calathea-medaillon\" \/>\n<meta property=\"og:locale\" content=\"fr_FR\" \/>\n<meta property=\"og:type\" content=\"article\" \/>\n<meta property=\"og:title\" content=\"&quot;Cr\u00e9ations Florales Uniques pour Toutes Vos Occasions&quot;\" \/>\n<meta property=\"og:description\" content=\"Des cr\u00e9ations uniques pour fleurir toutes vos occasions. Bouquets de roses ou de fleurs vari\u00e9es, compositions de fleurs piqu\u00e9es, collections saisonni\u00e8res,\" \/>\n<meta property=\"og:url\" content=\"https:\/\/florajia.com\/?product=calathea-medaillon\" \/>\n<meta property=\"og:site_name\" content=\"www.Florajia.com\" \/>\n<meta property=\"article:publisher\" content=\"https:\/\/www.facebook.com\/florajiafleur\" \/>\n<meta property=\"article:modified_time\" content=\"2024-03-31T22:15:50+00:00\" \/>\n<meta property=\"og:image\" content=\"https:\/\/florajia.com\/wp-content\/uploads\/2013\/06\/calathea-me\u0301daillon..png\" \/>\n\t<meta property=\"og:image:width\" content=\"1080\" \/>\n\t<meta property=\"og:image:height\" content=\"1080\" \/>\n\t<meta property=\"og:image:type\" content=\"image\/png\" \/>\n<meta name=\"twitter:card\" content=\"summary_large_image\" \/>\n<meta name=\"twitter:site\" content=\"@florajiafleur\" \/>\n<meta name=\"twitter:label1\" content=\"Dur\u00e9e de lecture estim\u00e9e\" \/>\n\t<meta name=\"twitter:data1\" content=\"1 minute\" \/>\n<script type=\"application\/ld+json\" class=\"yoast-schema-graph\">{\"@context\":\"https:\/\/schema.org\",\"@graph\":[{\"@type\":\"WebPage\",\"@id\":\"https:\/\/florajia.com\/?product=calathea-medaillon\",\"url\":\"https:\/\/florajia.com\/?product=calathea-medaillon\",\"name\":\"\\\"Cr\u00e9ations Florales Uniques pour Toutes Vos Occasions\\\"\",\"isPartOf\":{\"@id\":\"https:\/\/florajia.com\/#website\"},\"datePublished\":\"2013-06-07T08:38:12+00:00\",\"dateModified\":\"2024-03-31T22:15:50+00:00\",\"description\":\"Des cr\u00e9ations uniques pour fleurir toutes vos occasions. Bouquets de roses ou de fleurs vari\u00e9es, compositions de fleurs piqu\u00e9es, collections saisonni\u00e8res,\",\"breadcrumb\":{\"@id\":\"https:\/\/florajia.com\/?product=calathea-medaillon#breadcrumb\"},\"inLanguage\":\"fr-FR\",\"potentialAction\":[{\"@type\":\"ReadAction\",\"target\":[\"https:\/\/florajia.com\/?product=calathea-medaillon\"]}]},{\"@type\":\"BreadcrumbList\",\"@id\":\"https:\/\/florajia.com\/?product=calathea-medaillon#breadcrumb\",\"itemListElement\":[{\"@type\":\"ListItem\",\"position\":1,\"name\":\"Home\",\"item\":\"https:\/\/florajia.com\/\"},{\"@type\":\"ListItem\",\"position\":2,\"name\":\"Shop\",\"item\":\"https:\/\/florajia.com\/?page_id=345\"},{\"@type\":\"ListItem\",\"position\":3,\"name\":\"calathea m\u00e9daillon\"}]},{\"@type\":\"WebSite\",\"@id\":\"https:\/\/florajia.com\/#website\",\"url\":\"https:\/\/florajia.com\/\",\"name\":\"www.Florajia.com\",\"description\":\"florajia c&#039;est un fleuriste   Sp\u00e9cialiste de livraison de bouquets de fleurs et rose qualite fleurissent  livraison partout \u00e0 Marrakech\",\"publisher\":{\"@id\":\"https:\/\/florajia.com\/#organization\"},\"potentialAction\":[{\"@type\":\"SearchAction\",\"target\":{\"@type\":\"EntryPoint\",\"urlTemplate\":\"https:\/\/florajia.com\/?s={search_term_string}\"},\"query-input\":\"required name=search_term_string\"}],\"inLanguage\":\"fr-FR\"},{\"@type\":\"Organization\",\"@id\":\"https:\/\/florajia.com\/#organization\",\"name\":\"Florajia\",\"url\":\"https:\/\/florajia.com\/\",\"logo\":{\"@type\":\"ImageObject\",\"inLanguage\":\"fr-FR\",\"@id\":\"https:\/\/florajia.com\/#\/schema\/logo\/image\/\",\"url\":\"https:\/\/florajia.com\/wp-content\/uploads\/2020\/02\/5e48499b45714_image_name-1.jpg\",\"contentUrl\":\"https:\/\/florajia.com\/wp-content\/uploads\/2020\/02\/5e48499b45714_image_name-1.jpg\",\"width\":512,\"height\":512,\"caption\":\"Florajia\"},\"image\":{\"@id\":\"https:\/\/florajia.com\/#\/schema\/logo\/image\/\"},\"sameAs\":[\"https:\/\/www.facebook.com\/florajiafleur\",\"https:\/\/twitter.com\/florajiafleur\",\"https:\/\/www.instagram.com\/florajiafleurs\",\"https:\/\/www.pinterest.com\/florajiafleurs\/\"]}]}<\/script>\n<!-- \/ Yoast SEO plugin. -->","yoast_head_json":{"title":"\"Cr\u00e9ations Florales Uniques pour Toutes Vos Occasions\"","description":"Des cr\u00e9ations uniques pour fleurir toutes vos occasions. Bouquets de roses ou de fleurs vari\u00e9es, compositions de fleurs piqu\u00e9es, collections saisonni\u00e8res,","robots":{"index":"index","follow":"follow","max-snippet":"max-snippet:-1","max-image-preview":"max-image-preview:large","max-video-preview":"max-video-preview:-1"},"canonical":"https:\/\/florajia.com\/?product=calathea-medaillon","og_locale":"fr_FR","og_type":"article","og_title":"\"Cr\u00e9ations Florales Uniques pour Toutes Vos Occasions\"","og_description":"Des cr\u00e9ations uniques pour fleurir toutes vos occasions. Bouquets de roses ou de fleurs vari\u00e9es, compositions de fleurs piqu\u00e9es, collections saisonni\u00e8res,","og_url":"https:\/\/florajia.com\/?product=calathea-medaillon","og_site_name":"www.Florajia.com","article_publisher":"https:\/\/www.facebook.com\/florajiafleur","article_modified_time":"2024-03-31T22:15:50+00:00","og_image":[{"width":1080,"height":1080,"url":"https:\/\/florajia.com\/wp-content\/uploads\/2013\/06\/calathea-me\u0301daillon..png","type":"image\/png"}],"twitter_card":"summary_large_image","twitter_site":"@florajiafleur","twitter_misc":{"Dur\u00e9e de lecture estim\u00e9e":"1 minute"},"schema":{"@context":"https:\/\/schema.org","@graph":[{"@type":"WebPage","@id":"https:\/\/florajia.com\/?product=calathea-medaillon","url":"https:\/\/florajia.com\/?product=calathea-medaillon","name":"\"Cr\u00e9ations Florales Uniques pour Toutes Vos Occasions\"","isPartOf":{"@id":"https:\/\/florajia.com\/#website"},"datePublished":"2013-06-07T08:38:12+00:00","dateModified":"2024-03-31T22:15:50+00:00","description":"Des cr\u00e9ations uniques pour fleurir toutes vos occasions. Bouquets de roses ou de fleurs vari\u00e9es, compositions de fleurs piqu\u00e9es, collections saisonni\u00e8res,","breadcrumb":{"@id":"https:\/\/florajia.com\/?product=calathea-medaillon#breadcrumb"},"inLanguage":"fr-FR","potentialAction":[{"@type":"ReadAction","target":["https:\/\/florajia.com\/?product=calathea-medaillon"]}]},{"@type":"BreadcrumbList","@id":"https:\/\/florajia.com\/?product=calathea-medaillon#breadcrumb","itemListElement":[{"@type":"ListItem","position":1,"name":"Home","item":"https:\/\/florajia.com\/"},{"@type":"ListItem","position":2,"name":"Shop","item":"https:\/\/florajia.com\/?page_id=345"},{"@type":"ListItem","position":3,"name":"calathea m\u00e9daillon"}]},{"@type":"WebSite","@id":"https:\/\/florajia.com\/#website","url":"https:\/\/florajia.com\/","name":"www.Florajia.com","description":"florajia c&#039;est un fleuriste   Sp\u00e9cialiste de livraison de bouquets de fleurs et rose qualite fleurissent  livraison partout \u00e0 Marrakech","publisher":{"@id":"https:\/\/florajia.com\/#organization"},"potentialAction":[{"@type":"SearchAction","target":{"@type":"EntryPoint","urlTemplate":"https:\/\/florajia.com\/?s={search_term_string}"},"query-input":"required name=search_term_string"}],"inLanguage":"fr-FR"},{"@type":"Organization","@id":"https:\/\/florajia.com\/#organization","name":"Florajia","url":"https:\/\/florajia.com\/","logo":{"@type":"ImageObject","inLanguage":"fr-FR","@id":"https:\/\/florajia.com\/#\/schema\/logo\/image\/","url":"https:\/\/florajia.com\/wp-content\/uploads\/2020\/02\/5e48499b45714_image_name-1.jpg","contentUrl":"https:\/\/florajia.com\/wp-content\/uploads\/2020\/02\/5e48499b45714_image_name-1.jpg","width":512,"height":512,"caption":"Florajia"},"image":{"@id":"https:\/\/florajia.com\/#\/schema\/logo\/image\/"},"sameAs":["https:\/\/www.facebook.com\/florajiafleur","https:\/\/twitter.com\/florajiafleur","https:\/\/www.instagram.com\/florajiafleurs","https:\/\/www.pinterest.com\/florajiafleurs\/"]}]}},"_links":{"self":[{"href":"https:\/\/florajia.com\/index.php?rest_route=\/wp\/v2\/product\/99"}],"collection":[{"href":"https:\/\/florajia.com\/index.php?rest_route=\/wp\/v2\/product"}],"about":[{"href":"https:\/\/florajia.com\/index.php?rest_route=\/wp\/v2\/types\/product"}],"replies":[{"embeddable":true,"href":"https:\/\/florajia.com\/index.php?rest_route=%2Fwp%2Fv2%2Fcomments&post=99"}],"wp:featuredmedia":[{"embeddable":true,"href":"https:\/\/florajia.com\/index.php?rest_route=\/wp\/v2\/media\/8699"}],"wp:attachment":[{"href":"https:\/\/florajia.com\/index.php?rest_route=%2Fwp%2Fv2%2Fmedia&parent=99"}],"wp:term":[{"taxonomy":"product_cat","embeddable":true,"href":"https:\/\/florajia.com\/index.php?rest_route=%2Fwp%2Fv2%2Fproduct_cat&post=99"},{"taxonomy":"product_tag","embeddable":true,"href":"https:\/\/florajia.com\/index.php?rest_route=%2Fwp%2Fv2%2Fproduct_tag&post=99"}],"curies":[{"name":"wp","href":"https:\/\/api.w.org\/{rel}","templated":true}]}}